{"id":51,"date":"2025-10-16T17:42:23","date_gmt":"2025-10-16T15:42:23","guid":{"rendered":"https:\/\/hellemmesinsoumise.aurelien-boute.com\/?page_id=51"},"modified":"2025-12-01T16:37:20","modified_gmt":"2025-12-01T15:37:20","slug":"qui-nous-sommes","status":"publish","type":"page","link":"https:\/\/hellemmesinsoumise.fr\/?page_id=51","title":{"rendered":"Qui sommes-Nous ?"},"content":{"rendered":"<style>.kb-row-layout-id51_628ff2-e0 > .kt-row-column-wrap{align-content:start;}:where(.kb-row-layout-id51_628ff2-e0 > .kt-row-column-wrap) > .wp-block-kadence-column{justify-content:start;}.kb-row-layout-id51_628ff2-e0 > .kt-row-column-wrap{column-gap:var(--global-kb-gap-md, 2rem);row-gap:var(--global-kb-gap-md, 2rem);padding-top:var(--global-kb-spacing-sm, 1.5rem);padding-bottom:var(--global-kb-spacing-sm, 1.5rem);grid-template-columns:minmax(0, 1fr);}.kb-row-layout-id51_628ff2-e0 > .kt-row-layout-overlay{opacity:0.30;}@media all and (max-width: 1024px){.kb-row-layout-id51_628ff2-e0 > .kt-row-column-wrap{grid-template-columns:minmax(0, 1fr);}}@media all and (max-width: 767px){.kb-row-layout-id51_628ff2-e0 > .kt-row-column-wrap{grid-template-columns:minmax(0, 1fr);}}<\/style><div class=\"kb-row-layout-wrap kb-row-layout-id51_628ff2-e0 alignnone wp-block-kadence-rowlayout\"><div class=\"kt-row-column-wrap kt-has-1-columns kt-row-layout-equal kt-tab-layout-inherit kt-mobile-layout-row kt-row-valign-top\">\n<style>.kadence-column51_2ab9a6-cb > .kt-inside-inner-col,.kadence-column51_2ab9a6-cb > .kt-inside-inner-col:before{border-top-left-radius:0px;border-top-right-radius:0px;border-bottom-right-radius:0px;border-bottom-left-radius:0px;}.kadence-column51_2ab9a6-cb > .kt-inside-inner-col{column-gap:var(--global-kb-gap-sm, 1rem);}.kadence-column51_2ab9a6-cb > .kt-inside-inner-col{flex-direction:column;}.kadence-column51_2ab9a6-cb > .kt-inside-inner-col > .aligncenter{width:100%;}.kadence-column51_2ab9a6-cb > .kt-inside-inner-col:before{opacity:0.3;}.kadence-column51_2ab9a6-cb{position:relative;}@media all and (max-width: 1024px){.kadence-column51_2ab9a6-cb > .kt-inside-inner-col{flex-direction:column;justify-content:center;}}@media all and (max-width: 767px){.kadence-column51_2ab9a6-cb > .kt-inside-inner-col{flex-direction:column;justify-content:center;}}<\/style>\n<div class=\"wp-block-kadence-column kadence-column51_2ab9a6-cb\"><div class=\"kt-inside-inner-col\"><div class=\"wp-block-image\">\n<figure class=\"aligncenter size-large\"><img loading=\"lazy\" decoding=\"async\" width=\"1024\" height=\"683\" src=\"https:\/\/hellemmesinsoumise.fr\/wp-content\/uploads\/2025\/10\/DSC00660-1024x683.jpg\" alt=\"\" class=\"wp-image-69\" srcset=\"https:\/\/hellemmesinsoumise.fr\/wp-content\/uploads\/2025\/10\/DSC00660-1024x683.jpg 1024w, https:\/\/hellemmesinsoumise.fr\/wp-content\/uploads\/2025\/10\/DSC00660-300x200.jpg 300w, https:\/\/hellemmesinsoumise.fr\/wp-content\/uploads\/2025\/10\/DSC00660-768x512.jpg 768w, https:\/\/hellemmesinsoumise.fr\/wp-content\/uploads\/2025\/10\/DSC00660-1536x1024.jpg 1536w, https:\/\/hellemmesinsoumise.fr\/wp-content\/uploads\/2025\/10\/DSC00660.jpg 2048w\" sizes=\"auto, (max-width: 1024px) 100vw, 1024px\" \/><\/figure>\n<\/div><\/div><\/div>\n\n<\/div><\/div>\n\n<style>.kb-row-layout-id51_a80739-9e > .kt-row-column-wrap{align-content:start;}:where(.kb-row-layout-id51_a80739-9e > .kt-row-column-wrap) > .wp-block-kadence-column{justify-content:start;}.kb-row-layout-id51_a80739-9e > .kt-row-column-wrap{column-gap:var(--global-kb-gap-md, 2rem);row-gap:var(--global-kb-gap-md, 2rem);padding-top:var(--global-kb-spacing-sm, 1.5rem);padding-bottom:var(--global-kb-spacing-sm, 1.5rem);grid-template-columns:repeat(2, minmax(0, 1fr));}.kb-row-layout-id51_a80739-9e > .kt-row-layout-overlay{opacity:0.30;}@media all and (max-width: 1024px){.kb-row-layout-id51_a80739-9e > .kt-row-column-wrap{grid-template-columns:repeat(2, minmax(0, 1fr));}}@media all and (max-width: 767px){.kb-row-layout-id51_a80739-9e > .kt-row-column-wrap{grid-template-columns:minmax(0, 1fr);}}<\/style><div class=\"kb-row-layout-wrap kb-row-layout-id51_a80739-9e alignnone wp-block-kadence-rowlayout\"><div class=\"kt-row-column-wrap kt-has-2-columns kt-row-layout-equal kt-tab-layout-inherit kt-mobile-layout-row kt-row-valign-top\">\n<style>.kadence-column51_ece042-e7 > .kt-inside-inner-col,.kadence-column51_ece042-e7 > .kt-inside-inner-col:before{border-top-left-radius:0px;border-top-right-radius:0px;border-bottom-right-radius:0px;border-bottom-left-radius:0px;}.kadence-column51_ece042-e7 > .kt-inside-inner-col{column-gap:var(--global-kb-gap-sm, 1rem);}.kadence-column51_ece042-e7 > .kt-inside-inner-col{flex-direction:column;}.kadence-column51_ece042-e7 > .kt-inside-inner-col > .aligncenter{width:100%;}.kadence-column51_ece042-e7 > .kt-inside-inner-col:before{opacity:0.3;}.kadence-column51_ece042-e7{position:relative;}@media all and (max-width: 1024px){.kadence-column51_ece042-e7 > .kt-inside-inner-col{flex-direction:column;justify-content:center;}}@media all and (max-width: 767px){.kadence-column51_ece042-e7 > .kt-inside-inner-col{flex-direction:column;justify-content:center;}}<\/style>\n<div class=\"wp-block-kadence-column kadence-column51_ece042-e7\"><div class=\"kt-inside-inner-col\">\n<h2 class=\"wp-block-heading\">Lucas Fournier<\/h2>\n\n\n\n<h3 class=\"wp-block-heading\">T\u00eate de liste<\/h3>\n\n\n\n<p>Petit fils de cheminot, Lucas Fournier est n\u00e9 et a grandi \u00e0 Hellemmes. <\/p>\n\n\n\n<p>Aujourd&#8217;hui professeur des \u00e9coles de 26 ans, il est \u00e9lu au conseil communal pour la France Insoumise depuis 2020. Depuis 5 ans, il se bat pour les hellemois\u00b7es au conseil communal\u00a0: lutte contre la b\u00e9tonnisation de la friche H2D\u00a0; pour les transports et la cantine gratuite\u00a0; contre la suppression des conseils de quartier. Lucas Fournier est \u00e9galement le seul conseiller communal a s&#8217;\u00eatre engag\u00e9 concr\u00e8tement en faveur du soutien au peuple palestinien.<\/p>\n\n\n\n<p><br>Avec l&#8217;appui du d\u00e9put\u00e9 Ugo Bernalicis, Lucas Fournier est intervenu pour aider de nombreux concitoyens dont le logement \u00e9tait insalubre. Si il est \u00e9lu maire d&#8217;Hellemmes en 2026, il garantira un logement digne et abordable pour tous les hellemois\u00b7es.<\/p>\n<\/div><\/div>\n\n\n<style>.kadence-column51_84a395-59 > .kt-inside-inner-col,.kadence-column51_84a395-59 > .kt-inside-inner-col:before{border-top-left-radius:0px;border-top-right-radius:0px;border-bottom-right-radius:0px;border-bottom-left-radius:0px;}.kadence-column51_84a395-59 > .kt-inside-inner-col{column-gap:var(--global-kb-gap-sm, 1rem);}.kadence-column51_84a395-59 > .kt-inside-inner-col{flex-direction:column;}.kadence-column51_84a395-59 > .kt-inside-inner-col > .aligncenter{width:100%;}.kadence-column51_84a395-59 > .kt-inside-inner-col:before{opacity:0.3;}.kadence-column51_84a395-59{position:relative;}@media all and (max-width: 1024px){.kadence-column51_84a395-59 > .kt-inside-inner-col{flex-direction:column;justify-content:center;}}@media all and (max-width: 767px){.kadence-column51_84a395-59 > .kt-inside-inner-col{flex-direction:column;justify-content:center;}}<\/style>\n<div class=\"wp-block-kadence-column kadence-column51_84a395-59\"><div class=\"kt-inside-inner-col\">\n<h2 class=\"wp-block-heading\">Khadija Gorwa-Ghomari<\/h2>\n\n\n\n<h3 class=\"wp-block-heading\">N\u00b02 sur la liste<\/h3>\n\n\n\n<p>Militante politique et associative depuis trente ans, Khadija Gorwa-Ghomari est une hellemmoise engag\u00e9e dans la vie de sa commune et de son quartier\u00a0: l\u2019Epine. Elle conna\u00eet ses probl\u00e9matiques, mais aussi les possibilit\u00e9s pour am\u00e9liorer la vie des habitants.<\/p>\n\n\n\n<p><br>Engag\u00e9e dans des associations d&#8217;\u00e9ducation populaire, pour l&#8217;\u00e9mancipation de la jeunesse et le d\u00e9veloppement de la citoyennet\u00e9, elle conna\u00eet l&#8217;importance et la richesse du tissu associatif de notre commune. Elle a \u00e9galement si\u00e9g\u00e9 dans des instances de vie locale comme le conseil de quartier et le conseil citoyen.<\/p>\n\n\n\n<p><br>\u00c9c\u0153ur\u00e9e par les renoncements et les trahisons du Parti Socialiste, Khadija Gorwa-Ghomari a rejoint la France Insoumise pour faire mieux pour Hellemmes\u00a0!<\/p>\n<\/div><\/div>\n\n<\/div><\/div>\n\n\n<p><\/p>\n","protected":false},"excerpt":{"rendered":"<p>Lucas Fournier T\u00eate de liste Petit fils de cheminot, Lucas Fournier est n\u00e9 et a grandi \u00e0 Hellemmes. Aujourd&#8217;hui professeur des \u00e9coles de 26 ans, il est \u00e9lu au conseil communal pour la France Insoumise depuis 2020. Depuis 5 ans, il se bat pour les hellemois\u00b7es au conseil communal\u00a0: lutte contre la b\u00e9tonnisation de la&#8230;<\/p>\n","protected":false},"author":1,"featured_media":0,"parent":0,"menu_order":0,"comment_status":"closed","ping_status":"closed","template":"","meta":{"_kad_blocks_custom_css":"","_kad_blocks_head_custom_js":"","_kad_blocks_body_custom_js":"","_kad_blocks_footer_custom_js":"","_kad_post_transparent":"","_kad_post_title":"","_kad_post_layout":"","_kad_post_sidebar_id":"","_kad_post_content_style":"","_kad_post_vertical_padding":"","_kad_post_feature":"","_kad_post_feature_position":"","_kad_post_header":false,"_kad_post_footer":false,"footnotes":""},"class_list":["post-51","page","type-page","status-publish","hentry"],"taxonomy_info":[],"featured_image_src_large":false,"author_info":{"display_name":"theophileD","author_link":"https:\/\/hellemmesinsoumise.fr\/?author=1"},"comment_info":0,"_links":{"self":[{"href":"https:\/\/hellemmesinsoumise.fr\/index.php?rest_route=\/wp\/v2\/pages\/51","targetHints":{"allow":["GET"]}}],"collection":[{"href":"https:\/\/hellemmesinsoumise.fr\/index.php?rest_route=\/wp\/v2\/pages"}],"about":[{"href":"https:\/\/hellemmesinsoumise.fr\/index.php?rest_route=\/wp\/v2\/types\/page"}],"author":[{"embeddable":true,"href":"https:\/\/hellemmesinsoumise.fr\/index.php?rest_route=\/wp\/v2\/users\/1"}],"replies":[{"embeddable":true,"href":"https:\/\/hellemmesinsoumise.fr\/index.php?rest_route=%2Fwp%2Fv2%2Fcomments&post=51"}],"version-history":[{"count":3,"href":"https:\/\/hellemmesinsoumise.fr\/index.php?rest_route=\/wp\/v2\/pages\/51\/revisions"}],"predecessor-version":[{"id":102,"href":"https:\/\/hellemmesinsoumise.fr\/index.php?rest_route=\/wp\/v2\/pages\/51\/revisions\/102"}],"wp:attachment":[{"href":"https:\/\/hellemmesinsoumise.fr\/index.php?rest_route=%2Fwp%2Fv2%2Fmedia&parent=51"}],"curies":[{"name":"wp","href":"https:\/\/api.w.org\/{rel}","templated":true}]}}

<style>.kb-row-layout-id51_628ff2-e0 > .kt-row-column-wrap{align-content:start;}:where(.kb-row-layout-id51_628ff2-e0 > .kt-row-column-wrap) > .wp-block-kadence-column{justify-content:start;}.kb-row-layout-id51_628ff2-e0 > .kt-row-column-wrap{column-gap:var(--global-kb-gap-md, 2rem);row-gap:var(--global-kb-gap-md, 2rem);padding-top:var(--global-kb-spacing-sm, 1.5rem);padding-bottom:var(--global-kb-spacing-sm, 1.5rem);grid-template-columns:minmax(0, 1fr);}.kb-row-layout-id51_628ff2-e0 > .kt-row-layout-overlay{opacity:0.30;}@media all and (max-width: 1024px){.kb-row-layout-id51_628ff2-e0 > .kt-row-column-wrap{grid-template-columns:minmax(0, 1fr);}}@media all and (max-width: 767px){.kb-row-layout-id51_628ff2-e0 > .kt-row-column-wrap{grid-template-columns:minmax(0, 1fr);}}</style><div class="kb-row-layout-wrap kb-row-layout-id51_628ff2-e0 alignnone wp-block-kadence-rowlayout"><div class="kt-row-column-wrap kt-has-1-columns kt-row-layout-equal kt-tab-layout-inherit kt-mobile-layout-row kt-row-valign-top">
<style>.kadence-column51_2ab9a6-cb > .kt-inside-inner-col,.kadence-column51_2ab9a6-cb > .kt-inside-inner-col:before{border-top-left-radius:0px;border-top-right-radius:0px;border-bottom-right-radius:0px;border-bottom-left-radius:0px;}.kadence-column51_2ab9a6-cb > .kt-inside-inner-col{column-gap:var(--global-kb-gap-sm, 1rem);}.kadence-column51_2ab9a6-cb > .kt-inside-inner-col{flex-direction:column;}.kadence-column51_2ab9a6-cb > .kt-inside-inner-col > .aligncenter{width:100%;}.kadence-column51_2ab9a6-cb > .kt-inside-inner-col:before{opacity:0.3;}.kadence-column51_2ab9a6-cb{position:relative;}@media all and (max-width: 1024px){.kadence-column51_2ab9a6-cb > .kt-inside-inner-col{flex-direction:column;justify-content:center;}}@media all and (max-width: 767px){.kadence-column51_2ab9a6-cb > .kt-inside-inner-col{flex-direction:column;justify-content:center;}}</style>
<div class="wp-block-kadence-column kadence-column51_2ab9a6-cb"><div class="kt-inside-inner-col"><div class="wp-block-image">
<figure class="aligncenter size-large"><img loading="lazy" decoding="async" width="1024" height="683" src="https://hellemmesinsoumise.fr/wp-content/uploads/2025/10/DSC00660-1024x683.jpg" alt="" class="wp-image-69" srcset="https://hellemmesinsoumise.fr/wp-content/uploads/2025/10/DSC00660-1024x683.jpg 1024w, https://hellemmesinsoumise.fr/wp-content/uploads/2025/10/DSC00660-300x200.jpg 300w, https://hellemmesinsoumise.fr/wp-content/uploads/2025/10/DSC00660-768x512.jpg 768w, https://hellemmesinsoumise.fr/wp-content/uploads/2025/10/DSC00660-1536x1024.jpg 1536w, https://hellemmesinsoumise.fr/wp-content/uploads/2025/10/DSC00660.jpg 2048w" sizes="auto, (max-width: 1024px) 100vw, 1024px" /></figure>
</div></div></div>

</div></div>

<style>.kb-row-layout-id51_a80739-9e > .kt-row-column-wrap{align-content:start;}:where(.kb-row-layout-id51_a80739-9e > .kt-row-column-wrap) > .wp-block-kadence-column{justify-content:start;}.kb-row-layout-id51_a80739-9e > .kt-row-column-wrap{column-gap:var(--global-kb-gap-md, 2rem);row-gap:var(--global-kb-gap-md, 2rem);padding-top:var(--global-kb-spacing-sm, 1.5rem);padding-bottom:var(--global-kb-spacing-sm, 1.5rem);grid-template-columns:repeat(2, minmax(0, 1fr));}.kb-row-layout-id51_a80739-9e > .kt-row-layout-overlay{opacity:0.30;}@media all and (max-width: 1024px){.kb-row-layout-id51_a80739-9e > .kt-row-column-wrap{grid-template-columns:repeat(2, minmax(0, 1fr));}}@media all and (max-width: 767px){.kb-row-layout-id51_a80739-9e > .kt-row-column-wrap{grid-template-columns:minmax(0, 1fr);}}</style><div class="kb-row-layout-wrap kb-row-layout-id51_a80739-9e alignnone wp-block-kadence-rowlayout"><div class="kt-row-column-wrap kt-has-2-columns kt-row-layout-equal kt-tab-layout-inherit kt-mobile-layout-row kt-row-valign-top">
<style>.kadence-column51_ece042-e7 > .kt-inside-inner-col,.kadence-column51_ece042-e7 > .kt-inside-inner-col:before{border-top-left-radius:0px;border-top-right-radius:0px;border-bottom-right-radius:0px;border-bottom-left-radius:0px;}.kadence-column51_ece042-e7 > .kt-inside-inner-col{column-gap:var(--global-kb-gap-sm, 1rem);}.kadence-column51_ece042-e7 > .kt-inside-inner-col{flex-direction:column;}.kadence-column51_ece042-e7 > .kt-inside-inner-col > .aligncenter{width:100%;}.kadence-column51_ece042-e7 > .kt-inside-inner-col:before{opacity:0.3;}.kadence-column51_ece042-e7{position:relative;}@media all and (max-width: 1024px){.kadence-column51_ece042-e7 > .kt-inside-inner-col{flex-direction:column;justify-content:center;}}@media all and (max-width: 767px){.kadence-column51_ece042-e7 > .kt-inside-inner-col{flex-direction:column;justify-content:center;}}</style>
<div class="wp-block-kadence-column kadence-column51_ece042-e7"><div class="kt-inside-inner-col">
<h2 class="wp-block-heading">Lucas Fournier</h2>



<h3 class="wp-block-heading">Tête de liste</h3>



<p>Petit fils de cheminot, Lucas Fournier est né et a grandi à Hellemmes. </p>



<p>Aujourd&#8217;hui professeur des écoles de 26 ans, il est élu au conseil communal pour la France Insoumise depuis 2020. Depuis 5 ans, il se bat pour les hellemois·es au conseil communal : lutte contre la bétonnisation de la friche H2D ; pour les transports et la cantine gratuite ; contre la suppression des conseils de quartier. Lucas Fournier est également le seul conseiller communal a s&#8217;être engagé concrètement en faveur du soutien au peuple palestinien.</p>



<p><br>Avec l&#8217;appui du député Ugo Bernalicis, Lucas Fournier est intervenu pour aider de nombreux concitoyens dont le logement était insalubre. Si il est élu maire d&#8217;Hellemmes en 2026, il garantira un logement digne et abordable pour tous les hellemois·es.</p>
</div></div>


<style>.kadence-column51_84a395-59 > .kt-inside-inner-col,.kadence-column51_84a395-59 > .kt-inside-inner-col:before{border-top-left-radius:0px;border-top-right-radius:0px;border-bottom-right-radius:0px;border-bottom-left-radius:0px;}.kadence-column51_84a395-59 > .kt-inside-inner-col{column-gap:var(--global-kb-gap-sm, 1rem);}.kadence-column51_84a395-59 > .kt-inside-inner-col{flex-direction:column;}.kadence-column51_84a395-59 > .kt-inside-inner-col > .aligncenter{width:100%;}.kadence-column51_84a395-59 > .kt-inside-inner-col:before{opacity:0.3;}.kadence-column51_84a395-59{position:relative;}@media all and (max-width: 1024px){.kadence-column51_84a395-59 > .kt-inside-inner-col{flex-direction:column;justify-content:center;}}@media all and (max-width: 767px){.kadence-column51_84a395-59 > .kt-inside-inner-col{flex-direction:column;justify-content:center;}}</style>
<div class="wp-block-kadence-column kadence-column51_84a395-59"><div class="kt-inside-inner-col">
<h2 class="wp-block-heading">Khadija Gorwa-Ghomari</h2>



<h3 class="wp-block-heading">N°2 sur la liste</h3>



<p>Militante politique et associative depuis trente ans, Khadija Gorwa-Ghomari est une hellemmoise engagée dans la vie de sa commune et de son quartier : l’Epine. Elle connaît ses problématiques, mais aussi les possibilités pour améliorer la vie des habitants.</p>



<p><br>Engagée dans des associations d&#8217;éducation populaire, pour l&#8217;émancipation de la jeunesse et le développement de la citoyenneté, elle connaît l&#8217;importance et la richesse du tissu associatif de notre commune. Elle a également siégé dans des instances de vie locale comme le conseil de quartier et le conseil citoyen.</p>



<p><br>Écœurée par les renoncements et les trahisons du Parti Socialiste, Khadija Gorwa-Ghomari a rejoint la France Insoumise pour faire mieux pour Hellemmes !</p>
</div></div>

</div></div>


<p></p>

<p>Lucas Fournier Tête de liste Petit fils de cheminot, Lucas Fournier est né et a grandi à Hellemmes. Aujourd&#8217;hui professeur des écoles de 26 ans, il est élu au conseil communal pour la France Insoumise depuis 2020. Depuis 5 ans, il se bat pour les hellemois·es au conseil communal : lutte contre la bétonnisation de la&#8230;</p>
